10
15554530 (base 6) to base 10
559638
Convert 367843 (base 9) to base 3.
102021221110
Convert -19e9b6 (base 15) to base 10.
-1264446
Convert 10062120 (base 8) to base 5.
1020412312
Convert 19084 (base 12) to base 10.
36388
-10133123331 (base 4) to base 10
-1177341
-1777c (base 13) to base 4
-23002222
What is -912616 (base 10) in base 5?
-213200431
Convert -444517 (base 14) to base 8.
-10655211
Convert -10111111111101001101 (base 2) to base 13.
-216b50
What is 11110000001111000001011 (base 2) in base 16?
781e0b
What is -1367736 (base 10) in base 9?
-2514156
What is 162936 (base 10) in base 3?
22021111200
-1000000011001010000011 (base 2) to base 11
-1211378
Convert 61706 (base 11) to base 9.
146443
What is 7fe83 (base 16) in base 11?
32868a
What is -325cd (base 14) in base 4?
-131300221
Convert 240434055 (base 6) to base 13.
c21026
Convert -4414515 (base 7) to base 9.
-1015250
Convert 130422 (base 5) to base 9.
7010
1334513 (base 8) to base 4
1123211023
Convert -101201012110 (base 3) to base 16.
-3378c
30031012 (base 4) to base 15
ec2a
What is -b386 (base 15) in base 13?
-14355
Convert -21230221203 (base 4) to base 7.
-30415413
What is 1819b (base 12) in base 13?
12b09
Convert -1000202010121 (base 3) to base 5.
-114433433
24320231 (base 6) to base 14
161751
Convert -10335141 (base 7) to base 10.
-882960
Convert 2e703 (base 15) to base 6.
3114450
-1680c26 (base 14) to base 7
-163026646
102214031 (base 5) to base 8
1506322
-10210000012101 (base 3) to base 12
-809b17
330224201 (base 5) to base 4
11121102131
What is -10101111101101010000001 (base 2) in base 3?
-101211111220022
Convert a20000 (base 13) to base 5.
1431120202
-1031101011 (base 4) to base 13
-b1090
What is -3634342 (base 13) in base 3?
-1011121200200101
-78285 (base 14) to base 3
-112210200121
What is -344ba7 (base 12) in base 5?
-203304223
-101111011111001000 (base 2) to base 3
-100212210212
Convert -15a1ab (base 14) to base 6.
-24123455
Convert -253065 (base 7) to base 2.
-1011011001100111
Convert -8bc41 (base 16) to base 3.
-1002002022000
141336166 (base 7) to base 12
3115181
Convert -12230110014 (base 5) to base 13.
-3074c6b
What is 111110001011011111101 (base 2) in base 13?
56452b
What is 537331 (base 11) in base 16?
d1b0c
What is -12311201 (base 5) in base 12?
-59227
2cb819 (base 15) to base 16
2109cf
-1001011011101000 (base 2) to base 14
-10116
What is 5500210 (base 8) in base 4?
11220002020
-28d03 (base 14) to base 8
-305727
a6045 (base 12) to base 14
5951b
What is -420331 (base 6) in base 14?
-c47d
What is 2a0ea (base 15) in base 16?
21034
Convert 20213101333 (base 4) to base 9.
4221411
Convert -5355 (base 9) to base 10.
-3938
-1000000101100011011 (base 2) to base 5
-31434422
1a09a7 (base 11) to base 9
520363
What is 848738 (base 12) in base 8?
7757034
What is -730a62 (base 11) in base 2?
-100011110010001001110
-1121231 (base 9) to base 11
-383214
-3b8b00 (base 16) to base 13
-a681cb
What is -11531130 (base 6) in base 16?
-5a3de
What is 231320424 (base 5) in base 4?
3332121011
-5442709 (base 10) to base 4
-110300302111
4c0121 (base 13) to base 3
10102212200102
What is -1002011122201110 (base 3) in base 15?
-1563929
-784cd (base 15) to base 7
-3152032
What is 217761 (base 15) in base 5?
402012131
d016b (base 15) to base 3
1020110020002
What is -115283 (base 11) in base 2?
-101100100110011000
-12514006 (base 8) to base 11
-1637274
-351526 (base 9) to base 5
-23223420
What is -c7801 (base 15) in base 3?
-1012011012201
What is 16a518 (base 16) in base 10?
1484056
What is 203102114 (base 5) in base 2?
11001011000000101110
1964c7 (base 16) to base 6
55400343
-2643a0 (base 12) to base 5
-130121134
What is 295622 (base 14) in base 16?
15ea9e
What is -56a61 (base 12) in base 8?
-341551
Convert -10413 (base 8) to base 3.
-12222121
663834 (base 9) to base 11
250a09
a062 (base 16) to base 2
1010000001100010
-4065457 (base 8) to base 10
-1076015
Convert -d7094 (base 16) to base 8.
-3270224
What is 35b207 (base 15) in base 9?
4744687
21031110112 (base 4) to base 7
26342311
-9256b (base 13) to base 8
-1000351
What is 2214530 (base 6) in base 7?
642156
-590326 (base 10) to base 6
-20352554
What is 230623 (base 7) in base 6?
514224
Convert -32201031 (base 4) to base 16.
-e84d
Convert -2679395 (base 10) to base 7.
-31526435
-1a470 (base 11) to base 5
-1403022
520433 (base 6) to base 2
1010001010100101
Convert 27746 (base 13) to base 3.
10202011012
Convert -4132004 (base 6) to base 7.
-1455241
What is -22158253 (base 9) in base 3?
-202011222021210
-1537b (base 14) to base 8
-147141
Convert acc6b (base 13) to base 16.
4caeb
1212002120101 (base 3) to base 16
f0ba7
-1022212323 (base 4) to base 15
-60830
What is 2552025 (base 8) in base 12?
2a2819
Convert -602035 (base 8) to base 2.
-110000010000011101
-1000100000010110101000 (base 2) to base 15
-2e099c
-2044123 (base 8) to base 14
-101b59
Convert -13564 (base 14) to base 15.
-e211
Convert 2823206 (base 11) to base 8.
22436035
What is 2012201002 (base 3) in base 14?
11c10
10111010111010000010110 (base 2) to base 16
5d7416
1451432 (base 7) to base 8
601504
What is -2b9ce (base 16) in base 13?
-63405
10111233 (base 4) to base 16
456f
Convert -20222020220 (base 3) to base 15.
-2a9e3
Convert -2186344 (base 9) to base 5.
-300212301
What is -4aa88 (base 12) in base 11?
-6a507
Convert 110011101011101101 (base 2) to base 8.
635355
Convert 1d1bc5 (base 16) to base 8.
7215705
Convert -1103001101 (base 4) to base 10.
-340049
Convert 715121 (base 11) to base 6.
40342301
What is 302021312 (base 4) in base 12?
9aa72
Convert 649488 (base 10) to base 3.
1012222221010
What is -220332331 (base 4) in base 10?
-167869
Convert -7316 (base 9) to base 3.
-21100120
143c33 (base 14) to base 15
dd07c
What is 62e8a (base 16) in base 6?
12403334
Convert 2a72e (base 16) to base 12.
84752
-359200 (base 10) to base 11
-225966
Convert -3881b4 (base 16) to base 10.
-3703220
What is -322418 (base 14) in base 6?
-100210342
-47611563 (base 8) to base 3
-201121122200122
-29f11 (base 16) to base 10
-171793
What is -38fcc1 (base 16) in base 5?
-1424002341
-3355342 (base 7) to base 14
-ac0c9
Convert -42412 (base 6) to base 11.
-4374
What is -324673 (base 13) in base 12?
-48b481
Convert 1011101202100 (base 3) to base 16.
96e1c
714486 (base 13) to base 3
11221222112120
Convert 15828a (base 13) to base 14.
dbcd0
9179d (base 14) to base 16
5572f
What is 3601016 (base 9) in base 12?
7a0129
Convert 1252260 (base 7) to base 8.
500376
Convert 19468 (base 16) to base 2.
11001010001101000
352391 (base 15) to base 14
4a1319
What is -304520355 (base 6) in base 8?
-24057217
What is 335424533 (base 6) in base 10?
6146697
Convert 1343444031 (base 5) to base 11.
1a8057a
Convert -5146474 (base 8) to base 6.
-45115220
Convert -174633 (base 8) to base 9.
-106578
What is 231404 (base 8) in base 4?
103030010
11203202121 (base 4) to base 13
3bcb08
What is 23339c (base 14) in base 7?
13125055
50a33 (base 13) to base 14
3a961
7c507 (base 14) to base 4
1021323223
What is -23cc7 (base 15) in base 11?
-78935
811a08 (base 15) to base 10
6131258
Convert -13440513 (base 6) to base 10.
-456381
Convert -151267 (base 15) to base 16.
-f8266
-204727 (base 13) to base 3
-1102020100201
1112000100120 (base 3) to base 7
6601350
-5142411 (base 6) to base 15
-4d1ed
-1718841 (base 11) to base 15
-3cbaea
Convert 6615498 (base 10) to base 13.
14a81c6
What is 725128 (base 10) in base 13?
1c5091
-110333320001 (base 4) to base 5
-2402121023
-1414123 (base 5) to base 16
-7268
-10000000001001111111010 (base 2) to base 14
-7b4586
-10000100000111010 (base 2) to base 16
-1083a
-21202112113 (base 4) to base 12
-a06907
Convert -100110010101100110100100 (base 2) to base 9.
-20816847
c3c4 (base 15) to base 2
1010000110001111
c9790a (base 13) to base 14
8b17d9
22060242 (base 9) to base 8
50544542
Convert 35959 (base 15) to base 6.
3355003
Convert -433224310 (base 5) to base 8.
-7040666
Convert -1c9830 (base 16) to base 12.
-764580
What is 43c081 (base 13) in base 15?
218434
What is 233211210 (base 4) in base 10?
194916
c7b65 (base 13) to base 6
11414525
8520 (base 16) to base 9
51666
Convert -3331042122 (base 5) to base 12.
-2533371
What is 12332223 (base 5) in base 4?
131201222
Convert 809287 (base 11) to base 6.
43513512
Convert 22311043